t y = 6025 - 6024. Suppose -3*n + 19 = -26. Calculate the highest common divisor of y and n.
1
Let q = 92 + -27. Let j(f) = 19*f - 106. Let m(s) = 10*s - 53. Let i(z) = -6*j(z) + 11*m(z). Let b be i(10). Calculate the greatest common factor of b and q.
13
Let h(t) = t**2 - 30*t + 223. Let i be h(33). What is the greatest common factor of i and 28?
14
Suppose 0 = -16*d - 17*d + 3729. Let j = d + 215. Calculate the greatest common divisor of j and 41.
41
Let b be (3/6)/(4/(-24)). Let q be (-360)/b + 0/1. Suppose 99*u - 604 = 584. What is the highest common divisor of q and u?
12
Let o be (-5)/(-11 + (-73210)/(-6660)). What is the greatest common factor of 7104 and o?
222
Suppose 42*a - 38648 = 3352. What is the greatest common factor of 90 and a?
10
Let w(r) = 2*r**2 - 3*r - 3. Let k be w(3). Suppose 10*c + 32 = 22. Let v be (c - 0 - (-2 + -5))*3. What is the highest common factor of v and k?
6
Let r(z) = 76*z - 2. Let c = -87 + 89. Let y be r(c). Suppose 2*g - 34 = g + 3*q, 4*g - 5*q = y. What is the greatest common factor of g and 40?
40
Let k = 1 + 6. Let c = 11 - k. Let z be (-10)/20*(-8 + 0). What is the greatest common divisor of c and z?
4
Let p = -633 + 669. Let b be p + (-3 - (0 + -6)). Calculate the highest common divisor of 169 and b.
13
Let c(w) be the first derivative of -w**3/3 - w**2 - 14. Let m be c(-3). Let z be m + (19 - (-4 - -1)). Calculate the greatest common divisor of 19 and z.
19
Let w be ((-11)/((-66)/36))/((-2)/(-12)). Suppose -6*c + 5*c + 7 = 0. Suppose 54 = c*p - 4*p. What is the highest common factor of p and w?
18
Suppose -921 = 21*i - 2131 - 848. What is the highest common divisor of i and 3136?
98
Suppose -14 - 22 = -4*v - 5*a, 0 = v - 4*a - 30. What is the greatest common factor of v and 9142?
14
Let j be ((-68)/204)/((-1)/198). Let v(d) = -64*d**3 - d**2 - d - 1. Let b be v(-1). Let z = b - 41. Calculate the highest common divisor of z and j.
22
Let c(g) = g**2 + 22*g - 27. Let y = 201 - 225. Let r be c(y). What is the greatest common factor of r and 6?
3
Suppose 0 = -18*w + 16*w + 2*j + 16, 0 = -j - 2. Calculate the highest common factor of 363 and w.
3
Suppose 4*a + 2*s - 1017 = 3, -2*s = 4. Let o(k) = -k**3 - 8*k**2 + 14*k - 12. Let q be o(-10). What is the highest common factor of q and a?
16
Let v be 3/((-9)/(-21))*36/63. Suppose 3*c = g - 478, -6*g + v*g + 976 = 4*c. Calculate the greatest common factor of 11 and g.
11
Suppose l + 555 = 6*l. Suppose 5*v - 8*v = -l. Let q = v - 31. Calculate the highest common factor of 6 and q.
6
Suppose -85*p = 15*p - 6300. Calculate the highest common factor of p and 672.
21
Let j(f) = 20*f - 5. Let c be j(3). Let v = 42 - c. Let s = -10 - v. What is the highest common factor of s and 24?
3
Let u be ((-14)/(-119))/(52/442). Suppose 4*o - o = 267. Calculate the highest common divisor of o and u.
1
Let a(l) = -80*l + 255. Let i be a(3). Let d(s) = -32*s - 7. Let m be d(-11). Calculate the greatest common divisor of i and m.
15
Suppose -2*m = -2, 2*j - 4*m + 83 - 105 = 0. Suppose -3*k - 1016 = 142. Let y = -269 - k. Calculate the greatest common factor of y and j.
13
Suppose 3*k + 804*g - 799*g = 707, -4*k - 2*g + 938 = 0. What is the highest common factor of k and 126?
18
Suppose 0 = 21*i - 242 - 199. Calculate the highest common factor of i and 3171.
21
Let v = 17 + -2. Let u = 527 + -10. Suppose 14*l = 9*l + 2*h + u, -4*h - 509 = -5*l. What is the greatest common divisor of l and v?
15
Let m = 5767 + -5515. What is the greatest common divisor of 2331 and m?
63
Let t = -116 + 121. Suppose -t*m = -5*k - 135, 4*m + 0*k + 4*k = 116. Calculate the highest common factor of m and 8.
4
Suppose 5*j = -4*t + 18999, 98*t - 3*j - 23795 = 93*t. Calculate the highest common divisor of 232 and t.
116
Let z(h) = h + 6. Suppose 4*a + 4 = 4*s, 4*s + 24 = -4*a + 4. Let o be z(a). Let t(x) = 10*x + 8. Let k be t(o). What is the highest common divisor of k and 57?
19
Let d(t) = 45*t - 251. Let i be d(7). What is the greatest common factor of i and 12?
4
Let w(n) = 2*n**3 - 12*n**2 - 14*n - 3. Let a be w(6). Let v = a + 114. Calculate the highest common divisor of v and 36.
9
Let u = -70 + 74. Suppose -3*i - u*i + 28 = 0. Suppose d = -2*d + 36. Calculate the greatest common divisor of i and d.
4
Let p(i) = 4*i**2 - 100*i - 50. Let v be p(26). Calculate the highest common factor of 114 and v.
6
Suppose 0 = -5*x + 5*q + 45, 3*x - 3*q - 23 = -2*q. Suppose -x*i - 340 = -1320. What is the highest common factor of i and 308?
28
Let q(j) = -8271*j**2 + 19*j + 8272*j**2 + 5 - 18. Let u be q(-20). Calculate the highest common divisor of u and 77.
7
Let h(d) = -2*d + 230. Let a be h(-20). What is the highest common divisor of a and 198?
18
Suppose 0 = 24*z - 16*z - 2328. Let b = z - 276. Let o(g) = 2*g**2 - 3*g + 1. Let f be o(-4). Calculate the highest common divisor of f and b.
15
Suppose -5*o = -5*y + 545, o + 2*y + 79 = -3*y. Let l = 140 + o. Calculate the highest common divisor of l and 36.
36
Let o(w) = -12*w + 2*w**2 - 7 - 9*w - 9*w + 8*w - w**2. Let p = 81 + -57. Let c be o(p). What is the greatest common factor of c and 82?
41
Let q be (6109 + -227)*21/6. Calculate the greatest common factor of q and 238.
119
Let i = 322 - 321. Let b be (-180)/i*(-160)/50. Calculate the highest common factor of b and 64.
64
Let k = -6770 + 6896. What is the greatest common factor of k and 2926?
14
Let u = 4 - 2. Suppose u*f + 3*n = 3*f + 7, -4*f = 4*n - 52. Suppose -10*g - 2*g + 96 = 0. Calculate the highest common factor of g and f.
8
Let s be (-31)/(1 - (-4)/(-2)). Let m(u) = u**2 - 17*u - 82. Let v be m(-17). Suppose -359*t - v = -367*t. What is the greatest common factor of s and t?
31
Let g be (-5 - (-165)/35) + 342/21. Let b be g/(-32) + (1410/4)/5. What is the greatest common factor of 35 and b?
35
Let m be 67 + (-8)/1 - -4. What is the highest common factor of 175 and m?
7
Let s = 2 + 0. Let r be (44 + -42)/((-2)/(-19)). Suppose -22*a = -r*a - 3, 4*z = 4*a + 116. What is the greatest common factor of s and z?
2
Let h = 43 + -26. Suppose -85 - 306 = -h*c. Let t(q) = 22*q**2 + q + 2. Let m be t(2). Calculate the highest common divisor of c and m.
23
Let o be 66 - 68 - (-2767 + -3). Calculate the greatest common factor of o and 16.
16
Let a = -182401 - -182513. Let i(s) = 6*s**2 - 3*s + 3. Let w be i(2). What is the highest common factor of a and w?
7
Suppose -2*j - 1002 = 342. Let o be (j/(-70))/((-1)/(-5)). What is the greatest common divisor of 60 and o?
12
Suppose 1854 - 1524 = 10*n. What is the greatest common divisor of n and 129?
3
Suppose g + 2 = i - g, 2*g = -3*i - 2. Suppose 29*t - 23*t = 0. Suppose i = -a + 4*v - 12 + 32, t = 5*v + 5. What is the greatest common divisor of 128 and a?
16
Let z = 2056 + -2052. Let x(i) be the third derivative of 7*i**4/12 + i**2. Let b be x(z). What is the highest common divisor of b and 42?
14
Let z(o) = -2*o**2 - 105*o + 17427. Let x be z(-123). Let d = -71 - -127. Calculate the greatest common factor of d and x.
28
Suppose -6270 = -37*l + 34911. Calculate the greatest common divisor of l and 63.
21
Suppose 0 = 16*b - 24*b + 48. Suppose 206 = b*u + 80. Calculate the greatest common divisor of 77 and u.
7
Suppose -4*x - s = -6078, -5*x = -4*s + 3268 - 10876. Calculate the greatest common factor of 2375 and x.
95
Let v(k) = -17*k**3 + 3*k**2 + 2*k. Let l be v(-2). Let r be (-1084)/(-30) - (-3574)/(-26805). Calculate the greatest common factor of r and l.
36
Suppose 2 = m - 0*m. Suppose -m*t + 4 = 5*i, i - 4 = -2*t + 4*i. Let h = -22 + 44. Calculate the greatest common factor of h and t.
2
Let v = 21124 + -4393. Calculate the greatest common divisor of 297 and v.
99
Let d = -120 + 118. Let r be (-6)/8*-6*d/(-3). What is the greatest common divisor of r and 57?
3
Let c be 96/3 - (1 + -2 + -3). Suppose -99*v + 100*v = c. Let k be ((-54)/5)/((-2)/10). Calculate the greatest common divisor of v and k.
18
Let g(f) = 36*f**2 - 16*f + 55. Let i be g(-8). Calculate the highest common divisor of 3 and i.
3
Suppose -2*i + 2605 = -4*b + 439, -5*b = 20. What is the highest common divisor of 325 and i?
25
Let m(n) = n**3 - 6*n**2 - 12*n + 85. Let b be m(4). Suppose 3*k + 30 = 5*k. Calculate the highest common factor of b and k.
5
Let c be 36/(-20) - (-2)/(-10). Let i be 2